58060?
False
Does 7 divide 189766514?
True
Is 294625320 a multiple of 197?
True
Does 6 divide 11983078?
False
Is 34 a factor of 487826557?
False
Is 98 a factor of 20391055?
False
Is 11 a factor of 76681044?
True
Does 2130 divide 28595250?
True
Does 41 divide 67909489?
True
Is 4163400 a multiple of 771?
True
Is 41857596 a multiple of 198?
True
Does 10 divide 79437600?
True
Does 11 divide 170147054?
True
Does 10803 divide 1115907087?
False
Is 3810678 a multiple of 114?
True
Is 45 a factor of 1577487555?
True
Does 24 divide 3220903272?
True
Does 122 divide 98068602?
True
Does 284 divide 8831315?
False
Does 53 divide 1714073?
True
Is 730038634 a multiple of 19?
True
Does 56 divide 1014889603?
False
Is 361 a factor of 23362837?
True
Is 1099 a factor of 1059644810?
True
Is 33338040 a multiple of 188?
True
Does 7 divide 25398996?
True
Is 32374774 a multiple of 2018?
True
Is 15 a factor of 7702179?
False
Is 1518 a factor of 32749332?
True
Is 11 a factor of 17624302?
False
Is 338852150 a multiple of 64?
False
Does 17 divide 200444317?
False
Is 1479 a factor of 4447639221?
False
Does 2676 divide 1836639695?
False
Is 34897377 a multiple of 2290?
False
Is 12366464 a multiple of 4?
True
Does 111 divide 912954?
False
Is 600 a factor of 81935400?
True
Is 95901150 a multiple of 1115?
True
Does 15 divide 3770717?
False
Does 2162 divide 511276246?
True
Is 514 a factor of 853029260?
True
Does 10 divide 48340560?
True
Is 2191 a factor of 1083919953?
False
Is 21735235 a multiple of 274?
False
Is 187 a factor of 217131497?
True
Is 18 a factor of 99844818?
False
Is 22 a factor of 61156012?
False
Does 273 divide 20941011?
True
Is 83 a factor of 3857342?
True
Is 386 a factor of 2890754000?
True
Is 2864576 a multiple of 176?
True
Is 2541 a factor of 301273665?
True
Is 4927 a factor of 96175260?
False
Is 72 a factor of 12874931?
False
Is 44 a factor of 1841016496?
True
Does 13863 divide 6016417233?
True
Does 1135 divide 25395788?
False
Is 53 a factor of 234213301?
False
Is 35763042 a multiple of 1181?
True
Is 677 a factor of 55876470?
False
Is 65 a factor of 720470295?
False
Is 91108206 a multiple of 553?
False
Is 47 a factor of 5413789?
True
Does 68 divide 183115840?
True
Does 481 divide 16439137?
True
Is 17 a factor of 176479575?
False
Is 160778296 a multiple of 28?
True
Does 20 divide 270316040?
True
Is 476 a factor of 968378022?
False
Is 126513617 a multiple of 79?
False
Is 4508095 a multiple of 56?
False
Does 4 divide 46433857?
False
Does 18 divide 7626802?
False
Does 276 divide 8110153?
False
Is 14 a factor of 488442535?
False
Is 269 a factor of 200793705?
True
Does 136 divide 1864620580?
False
Is 135598830 a multiple of 1842?
True
Does 150 divide 177965051?
False
Is 59 a factor of 55774585?
False
Does 3070 divide 570104834?
False
Is 318349811 a multiple of 13?
True
Does 2912 divide 110603584?
True
Does 20 divide 25660620?
True
Is 199 a factor of 26087308?
True
Is 72614664 a multiple of 212?
True
Is 595 a factor of 56364284?
False
Is 569837356 a multiple of 1342?
True
Is 938470939 a multiple of 5997?
False
Is 74602370 a multiple of 41?
True
Is 1018 a factor of 50045796?
False
Does 58 divide 201579928?
True
Is 315847674 a multiple of 626?
True
Is 113 a factor of 57304673?
True
Does 43 divide 2277320941?
False
Is 103181013 a multiple of 2691?
True
Does 2131 divide 1701401831?
False
Is 88 a factor of 2059858?
False
Is 4314272 a multiple of 16?
True
Is 220 a factor of 219050822?
False
Is 897 a factor of 205337334?
False
Is 35 a factor of 508369?
False
Is 334 a factor of 9565023?
False
Is 307435788 a multiple of 110?
False
Is 1195 a factor of 769519055?
True
Is 70 a factor of 20216099?
False
Is 2927 a factor of 583533632?
False
Is 819460634 a multiple of 4042?
False
Is 1674 a factor of 22123584?
True
Is 9580500 a multiple of 50?
True
Is 6346621 a multiple of 613?
False
Does 22 divide 27953728?
True
Is 23 a factor of 1160142770?
True
Does 73 divide 948342966?
False
Does 19 divide 54282848?
True
Is 2195 a factor of 94816320?
False
Is 36104770 a multiple of 806?
True
Is 197 a factor of 89211647?
True
Does 5 divide 235476459?
False
Is 4842580 a multiple of 384?
False
Is 58643640 a multiple of 66?
True
Is 1448972247 a multiple of 4901?
False
Is 3219748393 a multiple of 47?
False
Is 766 a factor of 1083024420?
True
Does 248 divide 31455715?
False
Is 9 a factor of 20897901?
True
Is 122 a factor of 467124946?
True
Is 23 a factor of 3431389734?
True
Is 108049643 a multiple of 35?
False
Is 1019 a factor of 834461386?
False
Is 14 a factor of 109315472?
True
Does 16 divide 6036210?
False
Is 666586696 a multiple of 18?
False
Is 68250944 a multiple of 11?
False
Is 245 a factor of 1077392?
False
Is 93933644 a multiple of 266?
True
Is 39463516 a multiple of 1598?
False
Is 164 a factor of 21684934?
False
Is 10 a factor of 1927422847?
False
Is 32738015 a multiple of 155?
True
Is 19752676 a multiple of 92?
True
Does 147 divide 58268448?
True
Is 809 a factor of 29816504?
True
Is 18 a factor of 8380067?
False
Is 1149355 a multiple of 14?
False
Is 427 a factor of 26557882?
False
Does 122 divide 72125912?
True
Does 6042 divide 217753680?
True
Does 31 divide 15775434?
False
Is 857 a factor of 31504754?
False
Does 2610 divide 529662960?
True
Is 76 a factor of 327501100?
True
Is 887 a factor of 288438208?
True
Does 1880 divide 204476320?
True
Does 70 divide 28132144?
False
Is 2439386061 a multiple of 4551?
True
Is 79 a factor of 10153712?
True
Is 51 a factor of 832567421?
False
Does 871 divide 20437695?
False
Is 91484224 a multiple of 825?
False
Does 224 divide 2958382560?
True
Is 2375579196 a multiple of 10414?
True
Is 45 a factor of 291700853?
False
Does 5 divide 15101960?
True
Does 78 divide 200633218?
False
Is 218197886 a multiple of 554?
True
Is 126 a factor of 58309121?
False
Is 2735553222 a multiple of 162?
True
Does 404 divide 1890930484?
True
Is 11 a factor of 1101601897?
True
Does 436 divide 21111389?
False
Is 51145428 a multiple of 151?
False
Is 3912 a factor of 819329280?
True
Does 11 divide 63277060?
True
Is 36493738 a multiple of 6?
False
Does 53 divide 21278281?
True
Does 77 divide 117870069?
False
Is 171 a factor of 26256419?
False
Does 59 divide 29376548?
False
Is 288789280 a multiple of 83?
False
Is 3466 a factor of 513688928?
True
Does 145 divide 13954075?
True
Does 1080 divide 146540880?
True
Is 3281128402 a multiple of 7954?
True
Does 14 divide 21597528?
False
Does 14 divide 2203684?
True
Does 81 divide 10666728?
True
Is 140 a factor of 1496258820?
True
Is 1281 a factor of 444127824?
True
Does 15 divide 32076856?
False
Does 2841 divide 306387645?
True
Does 936 divide 100990874?
False
Does 30 divide 612566010?
True
Does 10 divide 670766670?
True
Is 400 a factor of 377745600?
True
Is 78 a factor of 12677429?
False
Does 3 divide 418979?
False
Does 4289 divide 148481913?
False
Does 10 divide 46514067?
False
Does 558 divide 765479932?
False
Is 27 a factor of 91799136?
True
Is 850213343 a multiple of 7?
True
Is 76044416 a multiple of 448?
True
Is 1627128000 a multiple of 465?
True
Is 708 a factor of 6306946?
False
Does 456 divide 484172082?
False
Is 99 a factor of 9363921?
False
Is 213 a factor of 19778453?
False
Does 1474 divide 68974356?
True
Is 6746 a factor of 208470933?
False
Is 275845280 a multiple of 27?
False
Is 7403007 a multiple of 81?
False
Is 471823818 a multiple of 231?
False
Does 171 divide 34367834?
False
Is 22079147 a multiple of 225?
False
Is 8 a factor of 46166431?
False
Does 69 divide 39730413?
False
Does 322 divide 113685815?
False
Is 6 a factor of 53087160?
True
Is 9468732 a multiple of 26?
True
Is 5 a factor of 123841784?
False
Does 175 divide 86194325?
True
Is 341 a factor of 403580661?
True
Is 9 a factor of 76384323?
True
Is 107109639 a multiple of 4459?
True
Does 11 divide 1320715011?
True
Is 49 a factor of 1666345380?
False
Is 6 a factor of 15804498?
True
Is 2497479651 a multiple of 701?
False
Does 2796 divide 7459728?
True
Is 31216708 a multiple of 362?
True
Does 441 divide 223067843?
False
Is 8141448 a multiple of 138?
True
Is 308666397 a multiple of 2932?
False
Does 10 divide 2482926?
False
Is 202 a factor of 45572643?
False
Is 3824178 a multiple of 10?
False
Does 4 divide 2339076?
True
Is 106 a factor of 6546030?
True
Does 1658 divide 292086742?